e 3, what is 2010211002 - 10?
2010210222
In base 10, what is -17 - -1410?
1393
In base 3, what is -12 - -2101200211?
2101200122
In base 9, what is 7 - 35557?
-35550
In base 12, what is 1423 + a?
1431
In base 3, what is 1211 + -1102221?
-1101010
In base 6, what is -43012 + 13?
-42555
In base 8, what is 1074706 - 1?
1074705
In base 14, what is -5 + 3845?
3840
In base 12, what is 1 + -47b?
-47a
In base 10, what is -16436 + -371?
-16807
In base 8, what is -67 + 6545?
6456
In base 8, what is -203662 + -5?
-203667
In base 3, what is -10 - -12120022122?
12120022112
In base 10, what is -3 + -133991?
-133994
In base 4, what is 2230 + 13231?
22121
In base 16, what is 23 + -24f?
-22c
In base 15, what is -7 - 16781?
-16788
In base 15, what is -5c - 154?
-1b1
In base 14, what is 2 - 65cc?
-65ca
In base 13, what is -1a06 + 7?
-19cc
In base 13, what is 2 - 25a32?
-25a30
In base 13, what is 4551 + -4?
454a
In base 13, what is 8 - -38c?
397
In base 4, what is 2 - 313333012?
-313333010
In base 6, what is 200542 - 1?
200541
In base 2, what is -111110010111100 - -101?
-111110010110111
In base 15, what is -2 + 2290?
228d
In base 12, what is 1610 - -7?
1617
In base 4, what is -233130 - 12011?
-311201
In base 10, what is -3 + -44809?
-44812
In base 5, what is -1440013 + -23?
-1440041
In base 9, what is -1587 - -2084?
386
In base 16, what is 9e5 - -84?
a69
In base 13, what is 11b6 + -33?
1183
In base 16, what is 4 - -204cd?
204d1
In base 10, what is 8 + -107333?
-107325
In base 13, what is 7a + 9ba7?
9c54
In base 6, what is -5 + -4342?
-4351
In base 13, what is -170a + 4?
-1706
In base 5, what is 3 + -131041344?
-131041341
In base 14, what is -59 - 16d38?
-16d93
In base 7, what is 6 + 4641?
4650
In base 3, what is -1222012211211 + -2?
-1222012211220
In base 10, what is -2 + 11118?
11116
In base 3, what is -12 + 101222201?
101222112
In base 8, what is 255 + 1055?
1332
In base 4, what is 100222011 + -3?
100222002
In base 2, what is -111110100110 - 101?
-111110101011
In base 9, what is 21461 + -1?
21460
In base 15, what is -196 + 1e3?
4c
In base 2, what is 1 + 1011110011011110001?
1011110011011110010
In base 7, what is -10 - 52106?
-52116
In base 16, what is 5 - -325a1?
325a6
In base 12, what is -445 - -147b?
1036
In base 9, what is 4343780 - 1?
4343778
In base 10, what is 1238 - -215?
1453
In base 13, what is -477c - -49?
-4733
In base 6, what is -300324 - 0?
-300324
In base 9, what is 2 - -1705?
1707
In base 15, what is 1176 + 5a?
11d1
In base 10, what is -1 + 19104?
19103
In base 12, what is 5 - -24a839?
24a842
In base 10, what is 4 + -17637?
-17633
In base 2, what is 1011001 - -11?
1011100
In base 7, what is 1343246 - -2?
1343251
In base 10, what is 9878 + 24?
9902
In base 7, what is 3022 - 11644?
-5622
In base 6, what is 30 - -2320?
2350
In base 14, what is -9 - -4801?
47d6
In base 14, what is 1a7 - -154?
31b
In base 15, what is b9222 - -5?
b9227
In base 13, what is 2a84 + -6?
2a7b
In base 10, what is -2 - -49020?
49018
In base 14, what is 106045 - 5?
106040
In base 3, what is 10200 + 210100?
221000
In base 13, what is 8b81 + 4c?
8c00
In base 15, what is 9 + 355?
35e
In base 8, what is -45 - -1024?
757
In base 12, what is 122 + -124?
-2
In base 8, what is 11 + -34545?
-34534
In base 3, what is -1000 + -1020220020?
-1020221020
In base 8, what is 34235 - -7?
34244
In base 7, what is 2 - -133401?
133403
In base 13, what is -3 - 3239b?
-323a1
In base 7, what is -21 - -654564?
654543
In base 10, what is 2352 - 184?
2168
In base 6, what is 150 + 4051?
4241
In base 11, what is 1839 + a?
1848
In base 11, what is 5 - -745?
74a
In base 12, what is -3 - -30429?
30426
In base 6, what is -1034 + 11125?
10051
In base 16, what is 63 + -20a2?
-203f
In base 13, what is 1381 + -14?
136a
In base 14, what is -3 - 84aa?
-84ad
In base 9, what is -121687 + 0?
-121687
In base 16, what is e - -73?
81
In base 15, what is -dd + 497?
3a9
In base 15, what is 184 + -43?
141
In base 16, what is -35c - 21d?
-579
In base 5, what is 33 + -410341?
-410303
In base 9, what is -24 - 33068?
-33103
In base 9, what is 3523 + 1602?
5225
In base 7, what is 13 + -4442?
-4426
In base 16, what is -1 - -4fcd?
4fcc
In base 9, what is -7 - 13247?
-13255
In base 7, what is 305 - -1664?
2302
In base 2, what is -110010110 - 1110111?
-1000001101
In base 13, what is 3c78 - 10?
3c68
In base 6, what is 0 - 21032401?
-21032401
In base 4, what is 120311200 + -10?
120311130
In base 3, what is -11 - -101100021?
101100010
In base 7, what is 26 - 12201?
-12142
In base 2, what is -100001011010101 - 10000?
-100001011100101
In base 6, what is 21420 - -4?
21424
In base 11, what is 131131 - -10?
131141
In base 15, what is 7870 + -1?
786e
In base 11, what is 836409 + -4?
836405
In base 4, what is 11101200 - -10?
11101210
In base 8, what is 1426 - -5130?
6556
In base 2, what is -10011101010111 + 11010100?
-10011010000011
In base 2, what is -1000101 - 1000011101?
-1001100010
In base 14, what is 15b + -a2?
99
In base 10, what is 21 + -14806?
-14785
In base 8, what is 162750 + 6?
162756
In base 11, what is -53 + -366?
-409
In base 10, what is 7167 - 123?
7044
In base 11, what is -67 - -5289?
5222
In base 6, what is 113145 - 43?
113102
In base 13, what is 564 + 19?
580
In base 3, what is 102012202 + -112?
102012020
In base 6, what is 2 - 340022?
-340020
In base 12, what is 77 + 10bb?
1176
In base 12, what is -26 + -7684?
-76aa
In base 11, what is -14265a - 0?
-14265a
In base 13, what is 4 - -713c7?
713cb
In base 6, what is 11203 + -400?
10403
In base 9, what is -416637 - 3?
-416641
In base 2, what is 101100001 + 111?
101101000
In base 16, what is 5068 + 5?
506d
In base 4, what is 23232 - 22?
23210
In base 9, what is -2 + 1432062?
1432060
In base 4, what is 10 + -3330?
-3320
In base 3, what is -2201001 - 1221?
-2202222
In base 11, what is -2765 - 0?
-2765
In base 12, what is 4 + 1507b9?
150801
In base 13, what is 15b - 84?
a7
In base 8, what is 37450 + -201?
37247
In base 4, what is 0 - 1321222?
-1321222
In base 16, what is 6 - 3e69?
-3e63
In base 8, what is -6720 - 14?
-6734
In base 14, what is -15 - -5445a?
54445
In base 4, what is -23010 + -20?
-23030
In base 10, what is 70 - -6761?
6831
In base 9, what is 5 + -313431?
-313425
In base 16, what is -4110 + -45?
-4155
In base 9, what is 351 + 4?
355
In base 10, what is 106 + 258?
364
In base 15, what is 3659d - 1?
3659c
In base 7, what is 5 - -2146556?
2146564
In base 10, what is 0 - -40921?
40921
In base 3, what is 210 + -2100120?
-2022210
In base 10, what is -4 + 16228?
16224
In base 12, what is 11 + -238a4?
-23893
In base 11, what is -1a022 + 13?
-1a00a
In base 3, what is 1012021 - -12?
1012110
In base 8, what is -2477 - 27?
-2526
In base 6, what is -4 + 141422?
141414
In base 7, what is 136030 + 1?
136031
In base 16, what is -49f0 + 26?
-49ca
In base 4, what is 10203202 + 1033?
10210301
In base 9, what is 3184 + 372?
3566
In base 11, what is a3 - -450?
543
In base 12, what is -1014 + a?
-1006
In base 3, what is -2 - -2102111?
2102102
In base 15, what is 4cb89 + -3?
4cb86
In base 7, what is -11 - -4503440?
4503426
In base 8, what is 4 + -71314?
-71310
In base 7, what is -55 + -643?
-1031
In base 7, what is -1 + 2431?
2430
In base 2, what is -10000010100 - -1011110?
-1110110110
In base 6, what is -2211241 + 11?
-2211230
In base 8, what is -4511 + 2?
-4507
In base 7, what is -116 - 4221?
-4340
In base 3, what is 11222001022 - -11?
11222001110
In base 5, what is 10 + 134314?
134324
In base 8, what is 6 - -1660?
1666
In base 13, what is 63 - 11?
52
In base 6, what is 2 + -131003?
-131001
In base 9, what is -33 - 1374?
-1417
In base 8, what is -1677 - -216?
-1461
In base 6, what is 2 + -35335?
-35333
In base 6, what is -11455 + -515?
-12414
In base 14, what is -d + -2c858?
-2c867
In base 10, what is 106475 - 0?
106475
In base 5, what is -10 + 12423424?
12423414
In base 3, what is -2100110112200 - 0?
-2100110112200
In base 2, what is -1011100101000111 + -1?
-1011100101001000
In base 9, what is -165565 - 16?
-165582
In base 5, what is 104 - 2434?
-2330
In base 12, what is -4 + 89b?
897
In base 16, what is -8a + -1f4?
-27e
In base 4, what is -2011023 - 1?
-2011030
In base 8, what is -2137100 + 1?
-2137077
In base 3, what is -2020001012 - 10221?
-2020012010
In base 13, what is 5 + -7949?
